{"id":582,"date":"2016-01-23T18:16:01","date_gmt":"2016-01-23T17:16:01","guid":{"rendered":"http:\/\/comite-quartier-lacigale.com\/?page_id=582"},"modified":"2016-01-23T18:16:01","modified_gmt":"2016-01-23T17:16:01","slug":"adherez-au-comite","status":"publish","type":"page","link":"https:\/\/comite-quartier-lacigale.com\/index.php\/adherez-au-comite\/","title":{"rendered":"Adh\u00e9rez au Comit\u00e9"},"content":{"rendered":"<h4>Rejoignez nous\u00a0 !<br \/>\nImprimez cette page et remplissez ce bulletin adress\u00e9, avec un ch\u00e8que de 10\u20ac \u00e0 l\u2019ordre du <strong>comit\u00e9 de quartier, \u00e0<br \/>\nPierre Sacqu\u00e9p\u00e9e, 826 chemin de la Cigale<\/strong><\/h4>\n<table width=\"605\" border=\"2\" cellspacing=\"5\" cellpadding=\"10\">\n<tbody>\n<tr>\n<td>\u00a0NOM :\u00a0\u00a0 \u2026\u2026\u2026\u2026\u2026\u2026\u2026\u2026\u2026\u2026\u2026\u2026\u2026\u2026PRENOM : \u2026\u2026\u2026\u2026\u2026\u2026\u2026\u2026\u2026\u2026\u2026.<\/p>\n<p>T\u00e9l. \u2026\u2026\u2026\u2026\u2026\u2026\u2026\u2026\u2026\u2026\u2026\u2026\u2026\u2026\u2026\u2026<\/p>\n<p>Adresse : \u2026\u2026\u2026\u2026\u2026\u2026\u2026\u2026\u2026\u2026\u2026\u2026\u2026\u2026\u2026\u2026\u2026\u2026\u2026\u2026\u2026\u2026\u2026\u2026\u2026\u2026\u2026\u2026\u2026\u2026\u2026.<\/p>\n<p>&nbsp;<\/p>\n<p>e-mail :\u00a0 \u2026\u2026\u2026\u2026\u2026\u2026\u2026\u2026\u2026\u2026\u2026\u2026\u2026\u2026@\u2026\u2026\u2026\u2026\u2026\u2026\u2026<\/p>\n<p>Signature :<\/p>\n<p>&nbsp;<\/td>\n<\/tr>\n<\/tbody>\n<\/table>\n","protected":false},"excerpt":{"rendered":"<div class=\"mh-excerpt\"><p>Rejoignez nous\u00a0 ! Imprimez cette page et remplissez ce bulletin adress\u00e9, avec un ch\u00e8que de 10\u20ac \u00e0 l\u2019ordre du comit\u00e9 de quartier, \u00e0 Pierre Sacqu\u00e9p\u00e9e, <a class=\"mh-excerpt-more\" href=\"https:\/\/comite-quartier-lacigale.com\/index.php\/adherez-au-comite\/\" title=\"Adh\u00e9rez au Comit\u00e9\">[&#8230;]<\/a><\/p>\n<\/div>","protected":false},"author":1,"featured_media":0,"parent":0,"menu_order":80,"comment_status":"closed","ping_status":"closed","template":"","meta":{"_monsterinsights_skip_tracking":false,"_monsterinsights_sitenote_active":false,"_monsterinsights_sitenote_note":"","_monsterinsights_sitenote_category":0,"footnotes":""},"class_list":["post-582","page","type-page","status-publish","hentry"],"aioseo_notices":[],"_links":{"self":[{"href":"https:\/\/comite-quartier-lacigale.com\/index.php\/wp-json\/wp\/v2\/pages\/582","targetHints":{"allow":["GET"]}}],"collection":[{"href":"https:\/\/comite-quartier-lacigale.com\/index.php\/wp-json\/wp\/v2\/pages"}],"about":[{"href":"https:\/\/comite-quartier-lacigale.com\/index.php\/wp-json\/wp\/v2\/types\/page"}],"author":[{"embeddable":true,"href":"https:\/\/comite-quartier-lacigale.com\/index.php\/wp-json\/wp\/v2\/users\/1"}],"replies":[{"embeddable":true,"href":"https:\/\/comite-quartier-lacigale.com\/index.php\/wp-json\/wp\/v2\/comments?post=582"}],"version-history":[{"count":0,"href":"https:\/\/comite-quartier-lacigale.com\/index.php\/wp-json\/wp\/v2\/pages\/582\/revisions"}],"wp:attachment":[{"href":"https:\/\/comite-quartier-lacigale.com\/index.php\/wp-json\/wp\/v2\/media?parent=582"}],"curies":[{"name":"wp","href":"https:\/\/api.w.org\/{rel}","templated":true}]}}