{"id":1357,"date":"2023-11-08T11:49:10","date_gmt":"2023-11-08T10:49:10","guid":{"rendered":"http:\/\/comite-quartier-lacigale.com\/?page_id=1357"},"modified":"2023-11-08T11:49:10","modified_gmt":"2023-11-08T10:49:10","slug":"atelier","status":"publish","type":"page","link":"https:\/\/comite-quartier-lacigale.com\/index.php\/atelier\/","title":{"rendered":"El\u00e9ments pour la s\u00e9ance du 18 juin"},"content":{"rendered":"\n<p>Lien wetransfer : <a href=\"https:\/\/we.tl\/t-EJNUGdPTuL\">https:\/\/we.tl\/t-EJNUGdPTuL<\/a><\/p>\n\n\n\n<hr class=\"wp-block-separator has-alpha-channel-opacity\"\/>\n\n\n\n<h1 class=\"wp-block-heading\">Bienvenue \u00e0 N\u00eemes, la Rome fran\u00e7aise !<\/h1>\n\n\n\n<h2 class=\"wp-block-heading\">Un patrimoine exceptionnel<\/h2>\n\n\n\n<p>N\u00eemes est une ville du sud de la France, dans le d\u00e9partement du Gard, r\u00e9put\u00e9e pour son riche h\u00e9ritage romain. Fl\u00e2ner dans ses rues, c\u2019est voyager dans le temps : ar\u00e8nes, temple antique, tours et vestiges se m\u00ealent \u00e0 une ambiance m\u00e9diterran\u00e9enne chaleureuse.<\/p>\n\n\n\n<p>\u00c0 ne pas manquer :<br>&#8211; Les Ar\u00e8nes de N\u00eemes, parmi les mieux conserv\u00e9es du monde romain.<br>&#8211; La Maison Carr\u00e9e, un temple antique magnifiquement restaur\u00e9.<br>&#8211; La Tour Magne, vestige des fortifications romaines offrant une vue panoramique.<\/p>\n\n\n\n<h2 class=\"wp-block-heading\">Une ville vivante et ensoleill\u00e9e<\/h2>\n\n\n\n<p><\/p>\n\n\n\n<p>N\u00eemes, c\u2019est aussi une ville de culture et de f\u00eates. La Feria de N\u00eemes attire des milliers de visiteurs chaque ann\u00e9e, entre traditions taurines, musiques et convivialit\u00e9.<br><br>Avec plus de 300 jours de soleil par an, des march\u00e9s proven\u00e7aux, des caf\u00e9s en terrasse, et une proximit\u00e9 id\u00e9ale avec la mer M\u00e9diterran\u00e9e, N\u00eemes offre un cadre de vie aussi agr\u00e9able qu\u2019authentique.<\/p>\n\n\n\n<figure class=\"wp-block-image size-full\"><img loading=\"lazy\" decoding=\"async\" width=\"600\" height=\"400\" src=\"https:\/\/comite-quartier-lacigale.com\/wp-content\/uploads\/2025\/06\/Arenes-de-Nimes-2-\u00a9-L.-Boudereaux.jpg\" alt=\"\" class=\"wp-image-1647\" srcset=\"https:\/\/comite-quartier-lacigale.com\/wp-content\/uploads\/2025\/06\/Arenes-de-Nimes-2-\u00a9-L.-Boudereaux.jpg 600w, https:\/\/comite-quartier-lacigale.com\/wp-content\/uploads\/2025\/06\/Arenes-de-Nimes-2-\u00a9-L.-Boudereaux-300x200.jpg 300w\" sizes=\"auto, (max-width: 600px) 100vw, 600px\" \/><\/figure>\n\n\n\n<figure class=\"wp-block-image size-full\"><img decoding=\"async\" src=\"https:\/\/comite-quartier-lacigale.com\/wp-content\/uploads\/2025\/06\/281_Tour_Magne_NIM_1008.jpg\" alt=\"\" class=\"wp-image-1648\"\/><\/figure>\n\n\n\n<figure class=\"wp-block-image size-full\"><img decoding=\"async\" src=\"https:\/\/comite-quartier-lacigale.com\/wp-content\/uploads\/2025\/06\/@NIMESTOURISME4.jpg\" alt=\"\" class=\"wp-image-1649\"\/><\/figure>\n\n\n\n<h2 class=\"wp-block-heading\">O\u00f9 Loger ?<\/h2>\n\n\n\n<figure class=\"wp-block-table\"><table><tbody><tr><td>H\u00f4tel \u201cLes Cafards\u201d<\/td><td>8 impasse Moilbeur 30000 NIMES<\/td><td>Confort n\u00e9ant. Animaux accept\u00e9s<\/td><\/tr><tr><td>H\u00f4tel \u201cLe Coupe-gorge\u201d<\/td><td>124 rue Everlor 30000 NIMES<\/td><td>Confort faible. S\u00e9curit\u00e9 non garantie<\/td><\/tr><tr><td>Pension \u201cAu vieux matelas\u201d<\/td><td>18 boulevard Isselle 30900 NIMES<\/td><td>Sommeil non garanti.<\/td><\/tr><\/tbody><\/table><\/figure>\n\n\n\n<h2 class=\"wp-block-heading\">Comment venir ?<\/h2>\n\n\n\n<p>par avion : N\u00eemes-Al\u00e8s-Camargue-C\u00e9vennes<br>par le train : Gare TGV \u00e0 3h de Paris<br>en voiture : Acc\u00e8s facile via l\u2019A9 et A54<\/p>\n","protected":false},"excerpt":{"rendered":"<div class=\"mh-excerpt\"><p>Lien wetransfer : https:\/\/we.tl\/t-EJNUGdPTuL Bienvenue \u00e0 N\u00eemes, la Rome fran\u00e7aise ! Un patrimoine exceptionnel N\u00eemes est une ville du sud de la France, dans le <a class=\"mh-excerpt-more\" href=\"https:\/\/comite-quartier-lacigale.com\/index.php\/atelier\/\" title=\"El\u00e9ments pour la s\u00e9ance du 18 juin\">[&#8230;]<\/a><\/p>\n<\/div>","protected":false},"author":1,"featured_media":0,"parent":0,"menu_order":0,"comment_status":"closed","ping_status":"closed","template":"","meta":{"_monsterinsights_skip_tracking":false,"_monsterinsights_sitenote_active":false,"_monsterinsights_sitenote_note":"","_monsterinsights_sitenote_category":0,"footnotes":""},"class_list":["post-1357","page","type-page","status-publish","hentry"],"aioseo_notices":[],"_links":{"self":[{"href":"https:\/\/comite-quartier-lacigale.com\/index.php\/wp-json\/wp\/v2\/pages\/1357","targetHints":{"allow":["GET"]}}],"collection":[{"href":"https:\/\/comite-quartier-lacigale.com\/index.php\/wp-json\/wp\/v2\/pages"}],"about":[{"href":"https:\/\/comite-quartier-lacigale.com\/index.php\/wp-json\/wp\/v2\/types\/page"}],"author":[{"embeddable":true,"href":"https:\/\/comite-quartier-lacigale.com\/index.php\/wp-json\/wp\/v2\/users\/1"}],"replies":[{"embeddable":true,"href":"https:\/\/comite-quartier-lacigale.com\/index.php\/wp-json\/wp\/v2\/comments?post=1357"}],"version-history":[{"count":0,"href":"https:\/\/comite-quartier-lacigale.com\/index.php\/wp-json\/wp\/v2\/pages\/1357\/revisions"}],"wp:attachment":[{"href":"https:\/\/comite-quartier-lacigale.com\/index.php\/wp-json\/wp\/v2\/media?parent=1357"}],"curies":[{"name":"wp","href":"https:\/\/api.w.org\/{rel}","templated":true}]}}